{"id":65,"date":"2015-02-11T18:26:41","date_gmt":"2015-02-11T17:26:41","guid":{"rendered":"http:\/\/ramonferreiro.dyndns.org\/blog\/?page_id=65"},"modified":"2017-09-05T09:37:34","modified_gmt":"2017-09-05T08:37:34","slug":"diy-do-it-yourself","status":"publish","type":"page","link":"http:\/\/gilitadas.com\/blog\/diy-do-it-yourself\/","title":{"rendered":"DIY &#8211; Do It Yourself"},"content":{"rendered":"<div class=\"wpb-content-wrapper\"><p>[vc_row][vc_column width=\u00bb2\/3&#8243;][vc_column_text]Do It Yourself, Home made, Homebrew, H\u00e1galo Usted Mismo, Feito na Casa, etc&#8230; Mil formas de decir Fabricaci\u00f3n Casera. Aqu\u00ed algunas ideas de lo que puedes construir por ti mismo en cuanto a tecnolog\u00eda, por muy poco dinero.[\/vc_column_text][\/vc_column][vc_column width=\u00bb1\/3&#8243;][vc_icon icon_fontawesome=\u00bbfa fa-wrench\u00bb color=\u00bbcustom\u00bb background_style=\u00bbrounded-less\u00bb size=\u00bbxl\u00bb align=\u00bbcenter\u00bb css_animation=\u00bbappear\u00bb custom_color=\u00bb#5e0808&#8243;][\/vc_column][\/vc_row][vc_row css=\u00bb.vc_custom_1431334130581{margin-top: 20px !important;}\u00bb][vc_column][vc_text_separator title=\u00bbAlgunos de mis trabajos\u00bb border_width=\u00bb2&#8243; el_width=\u00bb70&#8243;][\/vc_column][\/vc_row][vc_row][vc_column][vc_basic_grid post_type=\u00bbids\u00bb style=\u00bblazy\u00bb item=\u00bbbasicGrid_ScaleInWithRotation\u00bb grid_id=\u00bbvc_gid:1462262178960-41ac8f2f-0881-5&#8243; include=\u00bb48, 495&#8243;][\/vc_column][\/vc_row]<\/p>\n<\/div>","protected":false},"excerpt":{"rendered":"<p>[vc_row][vc_column width=\u00bb2\/3&#8243;][vc_column_text]Do It Yourself, Home made, Homebrew, H\u00e1galo Usted Mismo, Feito na Casa, etc&#8230; Mil formas de decir Fabricaci\u00f3n Casera. Aqu\u00ed algunas ideas de lo que puedes construir por ti mismo en cuanto a tecnolog\u00eda, por muy poco dinero.[\/vc_column_text][\/vc_column][vc_column width=\u00bb1\/3&#8243;][vc_icon icon_fontawesome=\u00bbfa fa-wrench\u00bb color=\u00bbcustom\u00bb background_style=\u00bbrounded-less\u00bb size=\u00bbxl\u00bb align=\u00bbcenter\u00bb css_animation=\u00bbappear\u00bb custom_color=\u00bb#5e0808&#8243;][\/vc_column][\/vc_row][vc_row css=\u00bb.vc_custom_1431334130581{margin-top: 20px !important;}\u00bb][vc_column][vc_text_separator title=\u00bbAlgunos de mis trabajos\u00bb [&hellip;]<\/p>\n","protected":false},"author":1,"featured_media":0,"parent":0,"menu_order":0,"comment_status":"closed","ping_status":"open","template":"","meta":{"_exactmetrics_skip_tracking":false,"_exactmetrics_sitenote_active":false,"_exactmetrics_sitenote_note":"","_exactmetrics_sitenote_category":0,"footnotes":""},"class_list":["post-65","page","type-page","status-publish","hentry"],"_links":{"self":[{"href":"http:\/\/gilitadas.com\/blog\/wp-json\/wp\/v2\/pages\/65"}],"collection":[{"href":"http:\/\/gilitadas.com\/blog\/wp-json\/wp\/v2\/pages"}],"about":[{"href":"http:\/\/gilitadas.com\/blog\/wp-json\/wp\/v2\/types\/page"}],"author":[{"embeddable":true,"href":"http:\/\/gilitadas.com\/blog\/wp-json\/wp\/v2\/users\/1"}],"replies":[{"embeddable":true,"href":"http:\/\/gilitadas.com\/blog\/wp-json\/wp\/v2\/comments?post=65"}],"version-history":[{"count":14,"href":"http:\/\/gilitadas.com\/blog\/wp-json\/wp\/v2\/pages\/65\/revisions"}],"predecessor-version":[{"id":1136,"href":"http:\/\/gilitadas.com\/blog\/wp-json\/wp\/v2\/pages\/65\/revisions\/1136"}],"wp:attachment":[{"href":"http:\/\/gilitadas.com\/blog\/wp-json\/wp\/v2\/media?parent=65"}],"curies":[{"name":"wp","href":"https:\/\/api.w.org\/{rel}","templated":true}]}}