{"id":48,"date":"2015-02-08T23:55:17","date_gmt":"2015-02-08T22:55:17","guid":{"rendered":"http:\/\/ramonferreiro.dyndns.org\/blog\/?page_id=48"},"modified":"2017-09-27T18:43:23","modified_gmt":"2017-09-27T17:43:23","slug":"antena-para-ads-b","status":"publish","type":"page","link":"http:\/\/gilitadas.com\/blog\/antena-para-ads-b\/","title":{"rendered":"Antena colineal coaxial para ADS-B"},"content":{"rendered":"<div class=\"wpb-content-wrapper\"><p>[vc_row][vc_column width=\u00bb2\/3&#8243;][vc_column_text]Como ya sabemos, el <strong>sistema ADS-B<\/strong> (Automatic Dependent Surveillance &#8211; Broadcast) emite en la banda de <strong>1090 MHz<\/strong>. Hemos visto que existen varios receptores especializados en el mercado, pero que con un sencill\u00edsimo <a href=\"http:\/\/www.dx.com\/p\/218228?Utm_rid=13085873&amp;Utm_source=affiliate\" target=\"_blank\" rel=\"noopener\">receptor DVB-T<\/a> (lo que conocemos como TDT o Televisi\u00f3n Digital Terrestre) podemos recibir estas se\u00f1ales y decodificarlas a muy bajo coste.<\/p>\n<p>Sin embargo, la antena que trae de serie el <a href=\"http:\/\/www.dx.com\/p\/170541?Utm_rid=13085873&amp;Utm_source=affiliate\" target=\"_blank\" rel=\"noopener\">receptor DVB-T<\/a>, esa varilla peque\u00f1a de color negro con base magn\u00e9tica, no es la m\u00e1s adecuada para obtener buenos resultados. Funcionar funciona, pero la distancia m\u00e1xima de detecci\u00f3n que conseguiremos no ser\u00e1 muy grande.<\/p>\n<p>En el mercado hay muchas antenas espec\u00edficas para esta aplicaci\u00f3n: de plano de tierra, dipolos, colineales, <a href=\"http:\/\/www.excel-wireless.com\/1090-mhz-ads-b-receiver-antenna\/1090-mhz-ads-b-receiver-yagi-directional-antenna-16dbi\" target=\"_blank\" rel=\"noopener\">yagi<\/a>, incluso una car\u00edsima antena \u00ab<a href=\"http:\/\/shop.jetvision.de\/Active-Diapason-Antenna\" target=\"_blank\" rel=\"noopener\">diapas\u00f3n activa<\/a>\u00bb si es que est\u00e1s dispuesto a pagar m\u00e1s de 200 \u20ac entre producto y transporte. Yo desde luego no, as\u00ed que me puse a buscar proyectos DIY (Do It Yourself, H\u00e1galo Usted Mismo) y encontr\u00e9 una p\u00e1gina en la que explican como fabricar una <strong>antena colineal con cable coaxial<\/strong>:\u00a0<a href=\"http:\/\/www.balarad.net\/\" target=\"_blank\" rel=\"noopener\">http:\/\/www.balarad.net\/<\/a>. Leyendo m\u00e1s encontr\u00e9 que este dise\u00f1o se puede mejorar ligeramente, el resultado es lo que os muestro a continuaci\u00f3n en <strong><em>Gil<span style=\"color: #ff0000;\">itadas<\/span><\/em><\/strong>.[\/vc_column_text][\/vc_column][vc_column width=\u00bb1\/3&#8243;][vc_single_image image=\u00bb61&#8243; img_size=\u00bblarge\u00bb alignment=\u00bbcenter\u00bb][\/vc_column][\/vc_row][vc_row][vc_column][vc_column_text]<\/p>\n<h4>Mejoras sobre el proyecto original<\/h4>\n<p>La primera mejora sobre el dise\u00f1o original es simplemente elegir bien el material. Hay que tener en cuenta que el receptor DVB-T que utilizo est\u00e1 preparado para una entrada de antena de 75\u03a9, por lo que el cable a utilizar tanto para la construcci\u00f3n de la antena como en la bajada hasta el receptor ser\u00e1 de esta misma impedancia. En caso de utilizar otro receptor habr\u00e1 que tener en cuenta este detalle.<\/p>\n<p>Despu\u00e9s de mucho leer aprend\u00ed que el cable coaxial debe ser de <strong>la menor atenuaci\u00f3n que podamos encontrar<\/strong>, y para ello son importantes algunos factores:<\/p>\n<ul>\n<li><strong>Mejor cobre que aluminio<\/strong>, tanto en la malla como en el n\u00facleo. Tiene mejor conductividad y adem\u00e1s permite soldadura entre los segmentos de la antena para hacer mejor contacto.<\/li>\n<li><strong>La malla debe ser lo m\u00e1s tupida posible<\/strong>. En las especificaciones del cable se suele indicar en forma de porcentaje de \u00e1rea cubierta.<\/li>\n<li><strong>Aislante diel\u00e9ctrico de buena calidad<\/strong>. Es la capa de separaci\u00f3n entre el n\u00facleo y la malla. En cables baratos suele ser de espuma de polietileno (PE), pero es mejor de <em>Teflon<\/em> (PTFE).<\/li>\n<li><strong>Cubierta exterior para intemperie<\/strong>. Este detalle no va a afectar en la calidad de recepci\u00f3n, pero como la antena va a estar en el exterior ayudar\u00e1 a que las inclemencias del tiempo y los rayos solares no deterioren el cable. En este caso el polietileno (PE) tiene ventaja sobre el policloruro de vinilo (PVC).<\/li>\n<\/ul>\n<p>Con todo esto en mente miramos la oferta de cable en el mercado. Seguramente hay varias opciones, pero yo he elegido el <a href=\"http:\/\/www.televes.es\/es\/catalogo\/producto\/cable-coaxial-cobre-cobre-t100-negro-pe\" target=\"_blank\" rel=\"noopener\">Televes T100 (ref. 2155)<\/a>. Su precio ronda 1\u20ac por metro.[\/vc_column_text][vc_row_inner][vc_column_inner width=\u00bb1\/2&#8243;][vc_single_image image=\u00bb98&#8243; img_size=\u00bblarge\u00bb alignment=\u00bb\u00bb css_animation=\u00bbleft-to-right\u00bb][\/vc_column_inner][vc_column_inner width=\u00bb1\/2&#8243;][vc_column_text]Otra de las mejoras introducidas al proyecto es a\u00f1adir un <strong>balun tipo Bazooka<\/strong> (sleeve balun). Su funci\u00f3n es doble: por un lado balancear las l\u00edneas y evitar que exista potencial entre el coaxial y tierra, evitando que la bajada de cable act\u00fae tambi\u00e9n como antena. Y por otro servir de base r\u00edgida donde sujetar el conjunto de la antena. Est\u00e1 construido de forma muy sencilla con un tubo de cobre de fontaner\u00eda que va unido por su base a la malla del cable coaxial. Su longitud debe ser de 1\/4 de longitud de onda de la frecuencia de dise\u00f1o de la antena.[\/vc_column_text][\/vc_column_inner][\/vc_row_inner][\/vc_column][\/vc_row][vc_row][vc_column][vc_column_text]<\/p>\n<h4>Par\u00e1metros de dise\u00f1o de la antena<\/h4>\n<p>La antena colineal coaxial es realmente una combinaci\u00f3n de dos antenas iguales, formada cada una de ellas por tramos de conductor de 1\/2 de longitud de onda alternados con tramos aislantes de 1\/2 de longitud de onda igualmente. De esta forma los tramos conductores est\u00e1n enfasados y alimentando conjuntamente al receptor. Utilizando cable coaxial se consigue que la malla de cada tramo act\u00fae como aislante del n\u00facleo para una de las ramas de la antena y como conductor externo para la otra rama.<\/p>\n<p>&nbsp;<\/p>\n<p><img loading=\"lazy\" decoding=\"async\" class=\"aligncenter size-full wp-image-211\" src=\"http:\/\/ramonferreiro.dyndns.org\/blog\/wp-content\/uploads\/2015\/02\/desarrollo-coco.png\" alt=\"Desarrollo antena coaxial colineal\" width=\"900\" height=\"768\" srcset=\"http:\/\/gilitadas.com\/blog\/wp-content\/uploads\/2015\/02\/desarrollo-coco.png 900w, http:\/\/gilitadas.com\/blog\/wp-content\/uploads\/2015\/02\/desarrollo-coco-300x256.png 300w\" sizes=\"(max-width: 900px) 100vw, 900px\" \/><\/p>\n<p>&nbsp;<\/p>\n<p>Tenemos que corregir la longitud de cada tramo con el factor de velocidad de propagaci\u00f3n del cable coaxial. Este valor nos lo da el fabricante del cable y suele estar expresado en porcentaje. En el caso del cable Televes elegido es de 82%.[\/vc_column_text][vc_message message_box_color=\u00bbwhite\u00bb css_animation=\u00bbappear\u00bb]<\/p>\n<h4 style=\"text-align: center;\">Longitud de onda: \u03bb = c\/f = 300.000\/1090 = 275 mm.<\/h4>\n<h4 style=\"text-align: center;\">Longitud de tramo: L = 1\/2\u00a0\u03bb\u00a0\u00d7 F<sub>v<\/sub> = 137,5\u00a0\u00d7 0,82 = <strong>112,75 mm<\/strong>.<\/h4>\n<p>[\/vc_message][\/vc_column][\/vc_row][vc_row][vc_column width=\u00bb1\/2&#8243;][vc_column_text]La antena en s\u00ed consta de cuatro tramos iguales de 112.75 mm. (redondeamos a 113). Podr\u00edamos hacerla de 6 o de 8 tramos para conseguir mayor ganancia, pero siempre en tramos pares. Tama\u00f1os mayores no son aconsejables pues hacen una antena demasiado larga y menos resistente al viento. La antena que os muestro ha conseguido detectar se\u00f1ales a m\u00e1s de 200 millas de distancia.<\/p>\n<p>El primer tramo es diferente, la zona que no queda cubierta por el tubo de cobre necesita ser ajustada en longitud por el factor de velocidad de propagaci\u00f3n del cable, para la otra no es necesario. Las medidas son como se muestran en el esquema de la derecha.<\/p>\n<p>[\/vc_column_text][\/vc_column][vc_column width=\u00bb1\/2&#8243;][vc_single_image image=\u00bb233&#8243; img_size=\u00bbfull\u00bb alignment=\u00bbcenter\u00bb css_animation=\u00bbright-to-left\u00bb][\/vc_column][\/vc_row][vc_row][vc_column width=\u00bb2\/3&#8243;][vc_column_text]<\/p>\n<h4>Construcci\u00f3n de la antena<\/h4>\n<p>La construcci\u00f3n de la antena no reviste complicaci\u00f3n, las herramientas necesarias son muy comunes y no nos llevar\u00e1 mucho tiempo completarla. Tan solo un poco de pericia con el soldador para no aplicar demasiado calor en la malla del cable y derretir su aislante.<\/p>\n<p>A la hora de cortar los tramos de cable s\u00ed conviene ser escrupulosos, cuanto m\u00e1s exactos sean mejor funcionar\u00e1. Y por supuesto deben ser todos ellos iguales.<\/p>\n<p>Yo os recomiendo el uso de silicona en el tap\u00f3n de cierre, as\u00ed como cinta aislante, o mejor aun cinta vulcanizante que cubra por completo el tubo de cobre y el conector del cable de bajada. As\u00ed todo aguantar\u00e1 mucho mejor las inclemencias del tiempo.[\/vc_column_text][\/vc_column][vc_column width=\u00bb1\/3&#8243;][vc_raw_html]JTNDZGl2JTIwY2xhc3MlM0QlMjJwYW5lbCUyMHBhbmVsLWRlZmF1bHQlMjIlM0UlMEElM0NkaXYlMjBjbGFzcyUzRCUyMnBhbmVsLWhlYWRpbmclMjIlM0UlMEElM0NoNCUyMGNsYXNzJTNEJTIycGFuZWwtdGl0bGUlMjIlM0VNYXRlcmlhbCUyMG5lY2VzYXJpbyUzQyUyRmg0JTNFJTBBJTNDJTJGZGl2JTNFJTBBJTNDZGl2JTIwY2xhc3MlM0QlMjJwYW5lbC1ib2R5JTIyJTNFJTBBJTNDdWwlM0UlMEElMDklM0NsaSUzRUNhYmxlJTIwY29heGlhbCUyMGRlJTIwNzUlQ0UlQTklMjBkZSUyMGltcGVhbmNpYS4lM0MlMkZsaSUzRSUwQSUwOSUzQ2xpJTNFQ29uZWN0b3IlMjBGJTIwZGUlMjBtb250YWplJTIwZW4lMjBjaGFzaXMuJTNDJTJGbGklM0UlMEElMDklM0NsaSUzRVR1Ym8lMjBkZSUyMGNvYnJlJTIwZGUlMjAyMiUyMG1tLiUyMGRlJTIwZGklQzMlQTFtZXRyby4lM0MlMkZsaSUzRSUwQSUwOSUzQ2xpJTNFVGVybWluYWRvciUyMGRlJTIwdHVibyUyMGRlJTIwY29icmUlMjBkZSUyMDIyJTIwbW0uJTIwZGUlMjBkaSVDMyVBMW1ldHJvLiUzQyUyRmxpJTNFJTBBJTA5JTNDbGklM0VUdWJvJTIwZGUlMjBQVkMlMjBvJTIwZmlicmElMjBkZSUyMHZpZHJpbyUyMGRlJTIwMjAlMjBtbS4lMjBkZSUyMGRpJUMzJUExbWV0cm8uJTNDJTJGbGklM0UlMEElMDklM0NsaSUzRVRhcCVDMyVCM24lMjBkZSUyMHBsJUMzJUExc3RpY28lMjBkZSUyMDIwJTIwbW0uJTIwZGUlMjBkaSVDMyVBMW1ldHJvLiUzQyUyRmxpJTNFJTBBJTNDJTJGdWwlM0UlMEElM0MlMkZkaXYlM0UlMEElM0MlMkZkaXYlM0UlMEElM0MlMkZkaXYlM0U=[\/vc_raw_html][\/vc_column][\/vc_row][vc_row][vc_column][vc_text_separator title=\u00bbPasa sobre las im\u00e1genes o pincha en ellas para detalles\u00bb border_width=\u00bb2&#8243; el_width=\u00bb70&#8243;][\/vc_column][\/vc_row][vc_row][vc_column][vc_media_grid item=\u00bbmediaGrid_SlideOutCaption\u00bb grid_id=\u00bbvc_gid:1506533827207-f5a14649-5ec9-6&#8243; include=\u00bb215,216,219,220,222,223,225,226,227,228,229,237,238,239&#8243;][\/vc_column][\/vc_row]<\/p>\n<\/div>","protected":false},"excerpt":{"rendered":"<p>[vc_row][vc_column width=\u00bb2\/3&#8243;][vc_column_text]Como ya sabemos, el sistema ADS-B (Automatic Dependent Surveillance &#8211; Broadcast) emite en la banda de 1090 MHz. Hemos visto que existen varios receptores especializados en el mercado, pero que con un sencill\u00edsimo receptor DVB-T (lo que conocemos como TDT o Televisi\u00f3n Digital Terrestre) podemos recibir estas se\u00f1ales y decodificarlas a muy bajo coste. [&hellip;]<\/p>\n","protected":false},"author":1,"featured_media":61,"parent":0,"menu_order":0,"comment_status":"open","ping_status":"open","template":"","meta":{"_exactmetrics_skip_tracking":false,"_exactmetrics_sitenote_active":false,"_exactmetrics_sitenote_note":"","_exactmetrics_sitenote_category":0,"footnotes":""},"class_list":["post-48","page","type-page","status-publish","has-post-thumbnail","hentry"],"_links":{"self":[{"href":"http:\/\/gilitadas.com\/blog\/wp-json\/wp\/v2\/pages\/48"}],"collection":[{"href":"http:\/\/gilitadas.com\/blog\/wp-json\/wp\/v2\/pages"}],"about":[{"href":"http:\/\/gilitadas.com\/blog\/wp-json\/wp\/v2\/types\/page"}],"author":[{"embeddable":true,"href":"http:\/\/gilitadas.com\/blog\/wp-json\/wp\/v2\/users\/1"}],"replies":[{"embeddable":true,"href":"http:\/\/gilitadas.com\/blog\/wp-json\/wp\/v2\/comments?post=48"}],"version-history":[{"count":61,"href":"http:\/\/gilitadas.com\/blog\/wp-json\/wp\/v2\/pages\/48\/revisions"}],"predecessor-version":[{"id":921,"href":"http:\/\/gilitadas.com\/blog\/wp-json\/wp\/v2\/pages\/48\/revisions\/921"}],"wp:featuredmedia":[{"embeddable":true,"href":"http:\/\/gilitadas.com\/blog\/wp-json\/wp\/v2\/media\/61"}],"wp:attachment":[{"href":"http:\/\/gilitadas.com\/blog\/wp-json\/wp\/v2\/media?parent=48"}],"curies":[{"name":"wp","href":"https:\/\/api.w.org\/{rel}","templated":true}]}}