{"id":336,"date":"2016-02-07T01:18:35","date_gmt":"2016-02-07T00:18:35","guid":{"rendered":"http:\/\/gilitadas.com\/blog\/?page_id=336"},"modified":"2025-10-07T17:55:38","modified_gmt":"2025-10-07T16:55:38","slug":"estacion","status":"publish","type":"page","link":"http:\/\/gilitadas.com\/blog\/estacion\/","title":{"rendered":"El Tiempo en Lugo"},"content":{"rendered":"<div class=\"wpb-content-wrapper\"><p>[vc_row][vc_column][vc_raw_html]JTNDY2VudGVyJTNFJTNDaWZyYW1lJTIwc3JjJTNEJTIyaHR0cCUzQSUyRiUyRmdpbGl0YWRhcy5jb20lMkZnYXVnZXNsdWdvJTJGbGVkcGFuZWwuaHRtbCUyMiUyMHdpZHRoJTNEJTIyODUwJTIyJTIwaGVpZ2h0JTNEJTIyNTAlMjIlMjBzdHlsZSUzRCUyMmJvcmRlciUzQW5vbmUlM0IlMjIlM0UlM0MlMkZpZnJhbWUlM0UlM0MlMkZjZW50ZXIlM0U=[\/vc_raw_html][\/vc_column][\/vc_row][vc_row bg_type=\u00bbbg_color\u00bb bg_color_value=\u00bb#f4f4f4&#8243;][vc_column][vc_tta_tour active_section=\u00bb1&#8243; pagination_style=\u00bboutline-square\u00bb][vc_tta_section i_position=\u00bbright\u00bb i_type=\u00bbentypo\u00bb i_icon_entypo=\u00bbentypo-icon entypo-icon-gauge\u00bb add_icon=\u00bbtrue\u00bb title=\u00bbDatos B\u00e1sicos\u00bb tab_id=\u00bbbasicos\u00bb][vc_raw_html]JTNDaWZyYW1lJTIwc3JjJTNEJTIyJTJGZ2F1Z2VzbHVnbyUyRmJhc2ljb3MuaHRtbCUyMiUyMHdpZHRoJTNEJTIyODUwJTIyJTIwaGVpZ2h0JTNEJTIyMzAwJTIyJTIwc3R5bGUlM0QlMjJib3JkZXIlM0Fub25lJTNCJTIyJTNFJTNDJTJGaWZyYW1lJTNF[\/vc_raw_html][\/vc_tta_section][vc_tta_section i_position=\u00bbright\u00bb i_type=\u00bbentypo\u00bb i_icon_entypo=\u00bbentypo-icon entypo-icon-gauge\u00bb add_icon=\u00bbtrue\u00bb title=\u00bbDatos Completos\u00bb tab_id=\u00bbcompletos\u00bb][vc_raw_html]JTNDaWZyYW1lJTIwc3JjJTNEJTIyJTJGZ2F1Z2VzbHVnbyUyRmNvbXBsZXRvcy5odG1sJTIyJTIwd2lkdGglM0QlMjI4NTAlMjIlMjBoZWlnaHQlM0QlMjIxMDAwJTIyJTIwc3R5bGUlM0QlMjJib3JkZXIlM0Fub25lJTNCJTIyJTNFJTNDJTJGaWZyYW1lJTNF[\/vc_raw_html][\/vc_tta_section][vc_tta_section i_position=\u00bbright\u00bb i_icon_fontawesome=\u00bbfa fa-bolt\u00bb add_icon=\u00bbtrue\u00bb title=\u00bbDetector de Rayos\u00bb tab_id=\u00bbrayos\u00bb][vc_raw_html]JTNDaWZyYW1lJTIwc3JjJTNEJTIyJTJGcmF5b3MlMkZlYi5waHAlMjIlMjB3aWR0aCUzRCUyMjg1MCUyMiUyMGhlaWdodCUzRCUyMjgwMCUyMiUyMHN0eWxlJTNEJTIyYm9yZGVyJTNBbm9uZSUzQiUyMiUzRSUzQyUyRmlmcmFtZSUzRQ==[\/vc_raw_html][\/vc_tta_section][vc_tta_section i_position=\u00bbright\u00bb i_type=\u00bbmaterial\u00bb i_icon_material=\u00bbvc-material vc-material-wallpaper\u00bb add_icon=\u00bbtrue\u00bb title=\u00bbIm\u00e1genes Sat\u00e9lite\u00bb tab_id=\u00bbsatelite\u00bb][vc_row_inner][vc_column_inner][vc_custom_heading text=\u00bbCanal Visible e Infrarrojo (nocturno)\u00bb font_container=\u00bbtag:h5|text_align:left\u00bb use_theme_fonts=\u00bbyes\u00bb css=\u00bb\u00bb][vc_raw_html css=\u00bb\u00bb]JTNDY2VudGVyJTNFJTNDaWZyYW1lJTIwc2FuZGJveCUzRCUyMmFsbG93LXNjcmlwdHMlMjBhbGxvdy1wb3B1cHMlMjBhbGxvdy1wb3B1cHMtdG8tZXNjYXBlLXNhbmRib3glMjIlMjBzcmMlM0QlMjJodHRwcyUzQSUyRiUyRndpZGdldHMubWV0ZW94LmNvbSUyRmVuLUdCJTJGd2lkZ2V0cyUyRnJhZGFyJTJGbG9jYXRpb24lMkYxMzEwMiUyRnNhdGVsbGl0ZSUyMiUyMHN0eWxlJTNEJTIyd2lkdGglM0ExMDAlMjUlMjFpbXBvcnRhbnQlM0JtYXgtd2lkdGglM0E2MDBweCUyMWltcG9ydGFudCUzQm1heC1oZWlnaHQlM0E2MDBweCUyMWltcG9ydGFudCUzQmhlaWdodCUzQTYwMHB4JTIxaW1wb3J0YW50JTNCcGFkZGluZyUzQTBweCUzQmJvcmRlciUzQW5vbmUlMjFpbXBvcnRhbnQlM0Jib3gtc2l6aW5nJTNBYm9yZGVyLWJveCUyMWltcG9ydGFudCUzQiUyMiUyMHNjcm9sbGluZyUzRCUyMm5vJTIyJTIwZnJhbWVib3JkZXIlM0QlMjIwJTIyJTNFJTNDJTJGaWZyYW1lJTNFJTNDJTJGY2VudGVyJTNF[\/vc_raw_html][vc_message message_box_color=\u00bbchino\u00bb css=\u00bb.vc_custom_1588674278908{margin-right: 100px !important;margin-left: 100px !important;}\u00bb]<\/p>\n<p style=\"text-align: center;\">Im\u00e1genes por cortes\u00eda de <a href=\"http:\/\/sat24.com\">Sat24.com<\/a><\/p>\n<p>[\/vc_message][\/vc_column_inner][\/vc_row_inner][\/vc_tta_section][vc_tta_section i_position=\u00bbright\u00bb i_icon_fontawesome=\u00bbfa fa-bar-chart\u00bb add_icon=\u00bbtrue\u00bb title=\u00bbGr\u00e1ficos\u00bb tab_id=\u00bbgraficos\u00bb][vc_row_inner equal_height=\u00bbyes\u00bb][vc_column_inner width=\u00bb1\/2&#8243;][vc_empty_space height=\u00bb45px\u00bb][vc_custom_heading text=\u00bbEn Elaboraci\u00f3n\u00bb font_container=\u00bbtag:h2|text_align:center|color:%236b6b6b\u00bb use_theme_fonts=\u00bbyes\u00bb][\/vc_column_inner][vc_column_inner width=\u00bb1\/2&#8243;]<div class=\" uavc-icons-center uavc-icons \">\n<div class=\"aio-icon  fa-spin\" data-animation=\"\" data-animation-delay=\"03\" style=\"color:#c9c9c9;font-size:100px;margin-right:5px;\">\n\t<i class=\"Defaults-cog gear\"><\/i>\n<\/div><\/div>[\/vc_column_inner][\/vc_row_inner][\/vc_tta_section][vc_tta_section i_position=\u00bbright\u00bb i_icon_fontawesome=\u00bbfa fa-file-text-o\u00bb add_icon=\u00bbtrue\u00bb title=\u00bbInfo Estaci\u00f3n\u00bb tab_id=\u00bbinfoest\u00bb][vc_row_inner][vc_column_inner width=\u00bb1\/2&#8243;][vc_column_text css=\u00bb\u00bb]El observatorio de <strong>El Tiempo en Lugo<\/strong> se encuentra situado en un tejado de la Avenida de Ram\u00f3n Ferreiro, en la ciudad de Lugo.<\/p>\n<p>Con el paso del tiempo la vieja estaci\u00f3n meteorol\u00f3gica <a href=\"http:\/\/davisnet.com\/\" target=\"_blank\" rel=\"noopener noreferrer\">Davis Weather Monitor II<\/a> ha dejado de tener repuestos. Se ha sustituido por una moderna <a href=\"https:\/\/www.ecowitt.com\/shop\/goodsDetail\/249\" target=\"_blank\" rel=\"noopener\">Ecowitt WS90<\/a>. Los datos se capturan cada 2.5 segundos y el sitio se actualiza cada 5 segundos. Para ello se utiliza el programa\u00a0<a href=\"http:\/\/www.weather-display.com\/\">Weather Display<\/a>. La estaci\u00f3n se compone de un sensor ultras\u00f3nico que mide la velocidad y direcci\u00f3n del viento, un sensor h\u00e1ptico de lluvia que detecta la preicpitaci\u00f3n y su intensidad, un sensor termo-higr\u00f3metro, un sensor de presi\u00f3n atmosf\u00e9rica y un sensor de radiaci\u00f3n solar que mide radiaci\u00f3n global y radiaci\u00f3n UV.<\/p>\n<p><strong>El Tiempo en Lugo<\/strong> dispone tambi\u00e9n de un\u00a0<a href=\"http:\/\/www.blitzortung.org\/\" target=\"_blank\" rel=\"noopener noreferrer\">sistema de detecci\u00f3n de descargas el\u00e9ctricas<\/a> (rayos). Es capaz de \u00abver\u00bb los rayos hasta una distancia aproximada de 6000 km. Colabora a su vez con otras redes de integraci\u00f3n de datos de rayos, para poder triangular dichas descargas y localizarlas con mayor precisi\u00f3n. Pod\u00e9is ver los resultados en la pesta\u00f1a \u00abDetector de Rayos\u00bb[\/vc_column_text][\/vc_column_inner][vc_column_inner width=\u00bb1\/2&#8243;][vc_single_image image=\u00bb1950&#8243; img_size=\u00bblarge\u00bb alignment=\u00bbcenter\u00bb onclick=\u00bblink_image\u00bb css=\u00bb\u00bb][\/vc_column_inner][\/vc_row_inner][vc_row_inner equal_height=\u00bbyes\u00bb disable_element=\u00bbyes\u00bb][vc_column_inner width=\u00bb1\/2&#8243;][vc_empty_space height=\u00bb45px\u00bb][vc_custom_heading text=\u00bbEn Elaboraci\u00f3n\u00bb font_container=\u00bbtag:h2|text_align:center|color:%236b6b6b\u00bb use_theme_fonts=\u00bbyes\u00bb][\/vc_column_inner][vc_column_inner width=\u00bb1\/2&#8243;]<div class=\" uavc-icons-center uavc-icons \">\n<div class=\"aio-icon  fa-spin\" data-animation=\"\" data-animation-delay=\"03\" style=\"color:#c9c9c9;font-size:100px;margin-right:5px;\">\n\t<i class=\"Defaults-cog gear\"><\/i>\n<\/div><\/div>[\/vc_column_inner][\/vc_row_inner][\/vc_tta_section][\/vc_tta_tour][\/vc_column][\/vc_row]<\/p>\n<\/div>","protected":false},"excerpt":{"rendered":"<p>[vc_row][vc_column][vc_raw_html]JTNDY2VudGVyJTNFJTNDaWZyYW1lJTIwc3JjJTNEJTIyaHR0cCUzQSUyRiUyRmdpbGl0YWRhcy5jb20lMkZnYXVnZXNsdWdvJTJGbGVkcGFuZWwuaHRtbCUyMiUyMHdpZHRoJTNEJTIyODUwJTIyJTIwaGVpZ2h0JTNEJTIyNTAlMjIlMjBzdHlsZSUzRCUyMmJvcmRlciUzQW5vbmUlM0IlMjIlM0UlM0MlMkZpZnJhbWUlM0UlM0MlMkZjZW50ZXIlM0U=[\/vc_raw_html][\/vc_column][\/vc_row][vc_row bg_type=\u00bbbg_color\u00bb bg_color_value=\u00bb#f4f4f4&#8243;][vc_column][vc_tta_tour active_section=\u00bb1&#8243; pagination_style=\u00bboutline-square\u00bb][vc_tta_section i_position=\u00bbright\u00bb i_type=\u00bbentypo\u00bb i_icon_entypo=\u00bbentypo-icon entypo-icon-gauge\u00bb add_icon=\u00bbtrue\u00bb title=\u00bbDatos B\u00e1sicos\u00bb tab_id=\u00bbbasicos\u00bb][vc_raw_html]JTNDaWZyYW1lJTIwc3JjJTNEJTIyJTJGZ2F1Z2VzbHVnbyUyRmJhc2ljb3MuaHRtbCUyMiUyMHdpZHRoJTNEJTIyODUwJTIyJTIwaGVpZ2h0JTNEJTIyMzAwJTIyJTIwc3R5bGUlM0QlMjJib3JkZXIlM0Fub25lJTNCJTIyJTNFJTNDJTJGaWZyYW1lJTNF[\/vc_raw_html][\/vc_tta_section][vc_tta_section i_position=\u00bbright\u00bb i_type=\u00bbentypo\u00bb i_icon_entypo=\u00bbentypo-icon entypo-icon-gauge\u00bb add_icon=\u00bbtrue\u00bb title=\u00bbDatos Completos\u00bb tab_id=\u00bbcompletos\u00bb][vc_raw_html]JTNDaWZyYW1lJTIwc3JjJTNEJTIyJTJGZ2F1Z2VzbHVnbyUyRmNvbXBsZXRvcy5odG1sJTIyJTIwd2lkdGglM0QlMjI4NTAlMjIlMjBoZWlnaHQlM0QlMjIxMDAwJTIyJTIwc3R5bGUlM0QlMjJib3JkZXIlM0Fub25lJTNCJTIyJTNFJTNDJTJGaWZyYW1lJTNF[\/vc_raw_html][\/vc_tta_section][vc_tta_section i_position=\u00bbright\u00bb i_icon_fontawesome=\u00bbfa fa-bolt\u00bb add_icon=\u00bbtrue\u00bb title=\u00bbDetector de Rayos\u00bb tab_id=\u00bbrayos\u00bb][vc_raw_html]JTNDaWZyYW1lJTIwc3JjJTNEJTIyJTJGcmF5b3MlMkZlYi5waHAlMjIlMjB3aWR0aCUzRCUyMjg1MCUyMiUyMGhlaWdodCUzRCUyMjgwMCUyMiUyMHN0eWxlJTNEJTIyYm9yZGVyJTNBbm9uZSUzQiUyMiUzRSUzQyUyRmlmcmFtZSUzRQ==[\/vc_raw_html][\/vc_tta_section][vc_tta_section i_position=\u00bbright\u00bb i_type=\u00bbmaterial\u00bb i_icon_material=\u00bbvc-material vc-material-wallpaper\u00bb add_icon=\u00bbtrue\u00bb title=\u00bbIm\u00e1genes Sat\u00e9lite\u00bb tab_id=\u00bbsatelite\u00bb][vc_row_inner][vc_column_inner][vc_custom_heading text=\u00bbCanal Visible e Infrarrojo (nocturno)\u00bb font_container=\u00bbtag:h5|text_align:left\u00bb use_theme_fonts=\u00bbyes\u00bb css=\u00bb\u00bb][vc_raw_html css=\u00bb\u00bb]JTNDY2VudGVyJTNFJTNDaWZyYW1lJTIwc2FuZGJveCUzRCUyMmFsbG93LXNjcmlwdHMlMjBhbGxvdy1wb3B1cHMlMjBhbGxvdy1wb3B1cHMtdG8tZXNjYXBlLXNhbmRib3glMjIlMjBzcmMlM0QlMjJodHRwcyUzQSUyRiUyRndpZGdldHMubWV0ZW94LmNvbSUyRmVuLUdCJTJGd2lkZ2V0cyUyRnJhZGFyJTJGbG9jYXRpb24lMkYxMzEwMiUyRnNhdGVsbGl0ZSUyMiUyMHN0eWxlJTNEJTIyd2lkdGglM0ExMDAlMjUlMjFpbXBvcnRhbnQlM0JtYXgtd2lkdGglM0E2MDBweCUyMWltcG9ydGFudCUzQm1heC1oZWlnaHQlM0E2MDBweCUyMWltcG9ydGFudCUzQmhlaWdodCUzQTYwMHB4JTIxaW1wb3J0YW50JTNCcGFkZGluZyUzQTBweCUzQmJvcmRlciUzQW5vbmUlMjFpbXBvcnRhbnQlM0Jib3gtc2l6aW5nJTNBYm9yZGVyLWJveCUyMWltcG9ydGFudCUzQiUyMiUyMHNjcm9sbGluZyUzRCUyMm5vJTIyJTIwZnJhbWVib3JkZXIlM0QlMjIwJTIyJTNFJTNDJTJGaWZyYW1lJTNFJTNDJTJGY2VudGVyJTNF[\/vc_raw_html][vc_message message_box_color=\u00bbchino\u00bb css=\u00bb.vc_custom_1588674278908{margin-right: 100px !important;margin-left: 100px !important;}\u00bb] Im\u00e1genes por cortes\u00eda [&hellip;]<\/p>\n","protected":false},"author":1,"featured_media":0,"parent":0,"menu_order":0,"comment_status":"closed","ping_status":"closed","template":"","meta":{"_exactmetrics_skip_tracking":false,"_exactmetrics_sitenote_active":false,"_exactmetrics_sitenote_note":"","_exactmetrics_sitenote_category":0,"footnotes":""},"class_list":["post-336","page","type-page","status-publish","hentry"],"_links":{"self":[{"href":"http:\/\/gilitadas.com\/blog\/wp-json\/wp\/v2\/pages\/336"}],"collection":[{"href":"http:\/\/gilitadas.com\/blog\/wp-json\/wp\/v2\/pages"}],"about":[{"href":"http:\/\/gilitadas.com\/blog\/wp-json\/wp\/v2\/types\/page"}],"author":[{"embeddable":true,"href":"http:\/\/gilitadas.com\/blog\/wp-json\/wp\/v2\/users\/1"}],"replies":[{"embeddable":true,"href":"http:\/\/gilitadas.com\/blog\/wp-json\/wp\/v2\/comments?post=336"}],"version-history":[{"count":87,"href":"http:\/\/gilitadas.com\/blog\/wp-json\/wp\/v2\/pages\/336\/revisions"}],"predecessor-version":[{"id":1951,"href":"http:\/\/gilitadas.com\/blog\/wp-json\/wp\/v2\/pages\/336\/revisions\/1951"}],"wp:attachment":[{"href":"http:\/\/gilitadas.com\/blog\/wp-json\/wp\/v2\/media?parent=336"}],"curies":[{"name":"wp","href":"https:\/\/api.w.org\/{rel}","templated":true}]}}